e factors of 5438460?
2, 3, 5, 90641
What are the prime factors of 33413770?
2, 5, 13, 41, 6269
List the prime factors of 168810.
2, 3, 5, 17, 331
List the prime factors of 13037731.
7, 67, 27799
What are the prime factors of 194550?
2, 3, 5, 1297
List the prime factors of 1701889.
7, 37, 6571
List the prime factors of 5873420.
2, 5, 7, 41953
What are the prime factors of 374117?
374117
What are the prime factors of 1474443?
3, 109, 167
What are the prime factors of 262911?
3, 11, 31, 257
List the prime factors of 6370746.
2, 3, 157, 6763
What are the prime factors of 63311?
63311
List the prime factors of 583936.
2, 2281
What are the prime factors of 2795544?
2, 3, 41, 947
List the prime factors of 1114123.
859, 1297
What are the prime factors of 18759881?
7, 23, 109, 1069
What are the prime factors of 9353293?
9353293
List the prime factors of 3670956.
2, 3, 107, 953
What are the prime factors of 3249917?
11, 439, 673
What are the prime factors of 6032830?
2, 5, 603283
List the prime factors of 8430561.
3, 29, 37, 97
List the prime factors of 8731762.
2, 13, 167, 2011
What are the prime factors of 43748?
2, 10937
What are the prime factors of 30650224?
2, 11, 174149
What are the prime factors of 1233582?
2, 3, 7, 23, 1277
What are the prime factors of 1932001?
1932001
What are the prime factors of 410761?
13, 19, 1663
What are the prime factors of 28446069?
3, 61, 155443
What are the prime factors of 19346840?
2, 5, 483671
List the prime factors of 1682657.
23, 149, 491
List the prime factors of 1004943.
3, 457, 733
What are the prime factors of 3272853?
3, 29, 37619
What are the prime factors of 5238801?
3, 709, 821
What are the prime factors of 815187?
3, 271729
List the prime factors of 13151923.
13151923
List the prime factors of 1644135.
3, 5, 109609
List the prime factors of 788608.
2, 61, 101
What are the prime factors of 17388215?
5, 13, 267511
List the prime factors of 4978588.
2, 1244647
List the prime factors of 7505089.
7505089
List the prime factors of 258282.
2, 3, 4783
List the prime factors of 1229208.
2, 3, 51217
What are the prime factors of 2394622?
2, 23, 52057
List the prime factors of 1937569.
229, 8461
What are the prime factors of 196521?
3, 13, 5039
List the prime factors of 20582985.
3, 5, 19, 72221
What are the prime factors of 1286223?
3, 428741
What are the prime factors of 42454?
2, 21227
List the prime factors of 52794.
2, 3, 7, 419
List the prime factors of 2129397.
3, 709799
What are the prime factors of 1479339?
3, 164371
What are the prime factors of 97751?
239, 409
What are the prime factors of 196172?
2, 49043
What are the prime factors of 115802?
2, 57901
What are the prime factors of 247282?
2, 7, 17, 1039
List the prime factors of 9933376.
2, 155209
List the prime factors of 602215.
5, 43, 2801
What are the prime factors of 496698?
2, 3, 19, 4357
What are the prime factors of 714054?
2, 3, 11, 31, 349
List the prime factors of 767609.
113, 6793
What are the prime factors of 294933?
3, 17, 5783
What are the prime factors of 3973068?
2, 3, 11, 79, 127
List the prime factors of 19494997.
1759, 11083
What are the prime factors of 118477?
257, 461
List the prime factors of 2675863.
2675863
List the prime factors of 31714.
2, 101, 157
What are the prime factors of 507041?
271, 1871
List the prime factors of 6203252.
2, 11, 140983
What are the prime factors of 3618710?
2, 5, 361871
What are the prime factors of 25277608?
2, 53, 59617
What are the prime factors of 117333?
3, 13037
List the prime factors of 1548582.
2, 3, 7, 36871
List the prime factors of 13752484.
2, 643, 5347
What are the prime factors of 53310?
2, 3, 5, 1777
List the prime factors of 509681.
509681
List the prime factors of 18036590.
2, 5, 11, 13, 12613
What are the prime factors of 2577908?
2, 521, 1237
List the prime factors of 13544237.
7, 263, 1051
What are the prime factors of 471192?
2, 3, 29, 677
What are the prime factors of 1626007?
523, 3109
What are the prime factors of 1819973?
59, 109, 283
List the prime factors of 3720466.
2, 19, 5153
List the prime factors of 458936.
2, 57367
List the prime factors of 3586659.
3, 167, 7159
What are the prime factors of 1210324?
2, 302581
What are the prime factors of 625780?
2, 5, 67, 467
List the prime factors of 53612.
2, 13, 1031
List the prime factors of 264648.
2, 3, 11027
What are the prime factors of 26633768?
2, 7, 179, 2657
What are the prime factors of 342302?
2, 31, 5521
List the prime factors of 16012779.
3, 593, 9001
What are the prime factors of 2099370?
2, 3, 5, 7, 13, 769
List the prime factors of 545955.
3, 5, 17, 2141
List the prime factors of 182492.
2, 43, 1061
What are the prime factors of 3715819?
997, 3727
List the prime factors of 377894.
2, 11, 89, 193
List the prime factors of 18590499.
3, 241, 2857
List the prime factors of 1195360.
2, 5, 31, 241
List the prime factors of 104039.
13, 53, 151
What are the prime factors of 1099141?
401, 2741
List the prime factors of 5146629.
3, 59, 29077
List the prime factors of 1498003.
13, 139, 829
List the prime factors of 1971992.
2, 11, 22409
List the prime factors of 79244.
2, 11, 1801
What are the prime factors of 1753745?
5, 7, 89, 563
What are the prime factors of 34531817?
34531817
List the prime factors of 3699809.
1069, 3461
List the prime factors of 22003651.
22003651
List the prime factors of 3287647.
11, 17, 17581
What are the prime factors of 63777?
3, 7, 3037
List the prime factors of 4192323.
3, 1397441
List the prime factors of 12209.
29, 421
What are the prime factors of 3020807?
3020807
List the prime factors of 8452170.
2, 3, 5, 93913
List the prime factors of 968983.
17, 56999
List the prime factors of 576361.
47, 12263
What are the prime factors of 149006?
2, 11, 13, 521
What are the prime factors of 732048?
2, 3, 101, 151
What are the prime factors of 717494?
2, 358747
List the prime factors of 816963.
3, 7, 38903
What are the prime factors of 580483?
199, 2917
What are the prime factors of 171112?
2, 73, 293
List the prime factors of 316847.
316847
What are the prime factors of 398439?
3, 4919
List the prime factors of 1580613.
3, 526871
List the prime factors of 1023134.
2, 7, 107, 683
List the prime factors of 10808257.
10808257
What are the prime factors of 2117912?
2, 264739
List the prime factors of 3011882.
2, 29, 51929
What are the prime factors of 4944362?
2, 2472181
List the prime factors of 2960954.
2, 967, 1531
List the prime factors of 10958016.
2, 3, 57073
What are the prime factors of 1784562?
2, 3, 13, 137, 167
What are the prime factors of 1595563?
19, 79, 1063
List the prime factors of 3274583.
13, 331, 761
What are the prime factors of 4031525?
5, 131, 1231
What are the prime factors of 312530?
2, 5, 31253
List the prime factors of 379746.
2, 3, 17, 73
List the prime factors of 16573431.
3, 7, 179, 4409
List the prime factors of 258898.
2, 129449
What are the prime factors of 106442?
2, 7, 7603
List the prime factors of 838010.
2, 5, 47, 1783
List the prime factors of 1340071.
1340071
What are the prime factors of 1806007?
7, 19, 37, 367
List the prime factors of 605647.
7, 31, 2791
What are the prime factors of 969428?
2, 242357
What are the prime factors of 119581?
7, 11, 1553
What are the prime factors of 191036?
2, 163, 293
List the prime factors of 1136244.
2, 3, 94687
What are the prime factors of 7823159?
103, 151, 503
What are the prime factors of 324261?
3, 7, 5147
What are the prime factors of 153821?
193, 797
List the prime factors of 34986255.
3, 5, 17, 137201
What are the prime factors of 4780214?
2, 1543, 1549
List the prime factors of 1147225.
5, 109, 421
List the prime factors of 28202244.
2, 3, 7, 47963
What are the prime factors of 58660?
2, 5, 7, 419
List the prime factors of 5026485.
3, 5, 43, 7793
What are the prime factors of 7236098?
2, 3618049
List the prime factors of 1361035.
5, 13, 20939
What are the prime factors of 1978578?
2, 3, 7, 41, 383
List the prime factors of 613118.
2, 11, 29, 31
What are the prime factors of 2573?
31, 83
What are the prime factors of 1830685?
5, 23, 15919
What are the prime factors of 189823?
189823
List the prime factors of 1225290.
2, 3, 5, 11, 47, 79
What are the prime factors of 361177?
71, 5087
What are the prime factors of 1